nvert -1674 (base 12) to base 7.
-10546
-28b3 (base 12) to base 13
-220b
Convert -2012201 (base 3) to base 16.
-64c
What is -141224 (base 5) in base 3?
-21222100
What is -2645 (base 7) in base 8?
-1765
What is 22103120 (base 4) in base 13?
16292
What is 1012012 (base 4) in base 9?
6134
Convert 1310 (base 7) to base 11.
412
What is -110000101010 (base 2) in base 3?
-11021100
d1 (base 15) to base 4
3010
-102020020 (base 3) to base 6
-101523
-112211 (base 3) to base 10
-400
What is 320234 (base 5) in base 14?
3c7c
What is 2336 (base 9) in base 14?
8bc
What is -1000110110011 (base 2) in base 14?
-1919
Convert -251 (base 9) to base 8.
-320
What is -10b (base 15) in base 11?
-1a5
13200 (base 4) to base 7
1254
Convert 1005 (base 6) to base 11.
191
What is -4b3 (base 15) in base 2?
-10000101100
Convert 1332 (base 5) to base 13.
139
Convert -6140 (base 10) to base 11.
-4682
What is 317 (base 14) in base 7?
1530
Convert 1214040 (base 5) to base 10.
23020
Convert -222010022 (base 3) to base 6.
-224055
Convert -10101111010 (base 2) to base 16.
-57a
What is 1210 (base 3) in base 5?
143
Convert -775 (base 10) to base 4.
-30013
d80c (base 15) to base 12
22533
-10011100 (base 2) to base 5
-1111
-20241 (base 5) to base 3
-1210221
What is -22b (base 16) in base 4?
-20223
5753 (base 12) to base 10
9711
Convert -17ef (base 16) to base 5.
-144002
Convert -10463 (base 12) to base 16.
-538b
What is 10331 (base 4) in base 14?
189
515 (base 10) to base 11
429
29b68 (base 13) to base 2
10011001111111000
180 (base 12) to base 16
f0
What is -17551 (base 9) in base 8?
-27523
Convert 101000101110111 (base 2) to base 7.
114542
343 (base 15) to base 6
3230
Convert 12112 (base 4) to base 9.
501
What is 13be5 (base 15) in base 14?
19196
What is 389 (base 14) in base 5?
10314
3950 (base 13) to base 7
32561
8520 (base 9) to base 7
24144
What is 5619 (base 10) in base 4?
1113303
Convert 2100 (base 5) to base 4.
10103
Convert -1021031 (base 4) to base 6.
-33405
Convert 195b (base 14) to base 15.
155e
-2202 (base 3) to base 5
-244
4103 (base 11) to base 15
1933
Convert -606a (base 11) to base 8.
-17576
What is 1111011100 (base 2) in base 13?
5b0
1011111011 (base 2) to base 13
469
Convert 201040 (base 7) to base 5.
2041420
Convert 336 (base 12) to base 9.
576
Convert 1100111111 (base 2) to base 9.
1123
What is -17a5 (base 15) in base 8?
-11761
What is 11101 (base 7) in base 13?
136c
What is -159 (base 16) in base 11?
-294
-6482 (base 9) to base 6
-34032
Convert 132242 (base 7) to base 8.
60370
Convert 414421 (base 6) to base 16.
828d
-86 (base 13) to base 5
-420
Convert 101102210 (base 3) to base 2.
1110110111000
Convert -1232 (base 4) to base 7.
-215
Convert 100101110 (base 2) to base 16.
12e
What is 62430 (base 7) in base 5?
442214
-800 (base 12) to base 16
-480
What is -1496 (base 10) in base 14?
-78c
Convert -388 (base 11) to base 3.
-122000
Convert -20110000 (base 3) to base 5.
-122243
What is -1001020 (base 3) in base 11?
-633
Convert -3123 (base 10) to base 6.
-22243
Convert 3213 (base 9) to base 16.
939
What is 54104 (base 7) in base 9?
20372
What is 1553 (base 8) in base 4?
31223
Convert 1013 (base 6) to base 8.
341
What is -7db (base 14) in base 12?
-aa5
-253466 (base 7) to base 4
-23130230
-6246 (base 7) to base 10
-2190
What is 2a8 (base 16) in base 8?
1250
Convert 2035 (base 14) to base 10.
5535
What is -24230 (base 5) in base 7?
-5202
Convert -12061 (base 8) to base 5.
-131134
What is 872 (base 9) in base 16?
2c9
11110100000 (base 2) to base 14
9d6
Convert 5e8 (base 16) to base 12.
a60
Convert 761 (base 8) to base 2.
111110001
-614f (base 16) to base 3
-1021011122
Convert -112101 (base 5) to base 15.
-12d6
10108 (base 10) to base 16
277c
Convert 207 (base 8) to base 12.
b3
21454 (base 9) to base 16
3790
-3541 (base 8) to base 14
-98d
Convert -312 (base 9) to base 8.
-376
415 (base 14) to base 15
388
-11232301 (base 4) to base 12
-11701
What is -111110010 (base 2) in base 7?
-1311
93 (base 11) to base 12
86
What is -1100001101 (base 2) in base 9?
-1057
Convert -49 (base 14) to base 13.
-50
What is -21515 (base 11) in base 3?
-1120211211
Convert -155551 (base 6) to base 14.
-5947
Convert -199 (base 16) to base 12.
-2a1
Convert 3050 (base 8) to base 16.
628
Convert -65533 (base 8) to base 9.
-41626
13303 (base 5) to base 15
4bd
-100001101100010 (base 2) to base 13
-7b0c
-3c8c (base 15) to base 3
-122202220
What is 20212021 (base 3) in base 4?
1032022
-22535 (base 6) to base 2
-110010011011
1101000111 (base 2) to base 14
43d
What is 11d83 (base 16) in base 2?
10001110110000011
What is -8b2 (base 16) in base 6?
-14150
What is 1360 (base 8) in base 2?
1011110000
4234 (base 10) to base 4
1002022
-171 (base 15) to base 13
-1c6
What is -9515 (base 12) in base 9?
-24308
-313334 (base 6) to base 10
-25402
What is 130111 (base 4) in base 16?
715
Convert -306 (base 13) to base 16.
-201
What is 5c93 (base 14) in base 2?
11111101001001
4d6 (base 14) to base 11
804
43844 (base 12) to base 4
111303310
Convert -231 (base 10) to base 6.
-1023
107b (base 12) to base 3
2111112
b2 (base 16) to base 13
109
What is 2646 (base 11) in base 2?
110101101110
15672 (base 9) to base 13
4b86
What is 89a (base 14) in base 16?
6a8
1000014 (base 5) to base 7
63403
-1668 (base 12) to base 11
-200a
-1561 (base 10) to base 5
-22221
Convert c70 (base 14) to base 9.
3322
Convert 356 (base 7) to base 15.
c8
Convert 144131 (base 6) to base 12.
8047
Convert 1022 (base 8) to base 13.
31a
13226 (base 12) to base 2
110011001111110
What is 222 (base 14) in base 6?
1542
What is 754 (base 12) in base 14?
568
Convert -10117 (base 10) to base 11.
-7668
Convert 332 (base 8) to base 2.
11011010
What is -5a0a (base 11) in base 16?
-1ec3
Convert -3041 (base 5) to base 11.
-330
22234 (base 9) to base 16
39b5
-4211 (base 7) to base 10
-1478
-79e (base 15) to base 2
-11010111100
-7610 (base 8) to base 14
-1640
What is fb (base 16) in base 4?
3323
What is 1011011 (base 2) in base 9?
111
22012 (base 4) to base 11
538
4b92 (base 13) to base 3
112202202
What is 70685 (base 9) in base 11?
31a24
What is 2122121 (base 3) in base 2?
11110001101
Convert 201b (base 16) to base 2.
10000000011011
-4052 (base 8) to base 11
-1630
133 (base 11) to base 2
10011101
What is 2221020 (base 4) in base 2?
10101001001000
What is 205430 (base 6) in base 7?
66651
What is -30cc (base 14) in base 15?
-275c
1aa (base 11) to base 8
361
What is -40228 (base 10) in base 7?
-225166
Convert 10031 (base 7) to base 9.
3282
Convert -1031322 (base 4) to base 16.
-137a
c5 (base 15) to base 16
b9
What is -121112 (base 3) in base 2?
-110111110
-1582 (base 10) to base 14
-810
Convert -acd (base 15) to base 8.
-4613
-7a71 (base 15) to base 11
-1857a
Convert -1188 (base 12) to base 2.
-11110111000
What is -19b16 (base 13) in base 11?
-347a8
What is 15421 (base 6) in base 5?
40113
What is -426 (base 14) in base 8?
-1462
What is 2247 (base 8) in base 10?
1191
What is 325 (base 13) in base 3?
201221
Convert -20330002 (base 4) to base 14.
-d4b0
What is ac9 (base 14) in base 2?
100001011001
What is 41865 (base 9) in base 6?
332052
Convert -110000100011 (base 2) to base 7.
-12026
Convert -1271 (base 10) to base 16.
-4f7
20222102 (base 3) to base 15
1792
680 (base 12) to base 13
58b
Convert -6242 (base 8) to base 15.
-e59
34552 (base 7) to base 8
21231
What is -10221102 (base 3) in base 4?
-230321
Convert -1329 (base 15) to base 10.
-4089
-1257 (base 13) to base 12
-1613
-202234 (base 6) to base 14
-5c06
Convert 29 (base 15) to base 10.
39
What is -301 (base 8) in base 11?
-166
What is 1122020222 (base 3) in base 16?
7e08
What is -2024110 (base 5) in base 12?
-17146
Convert 10c10 (base 14) to base 13.
15741
What is 1045 (base 9) in base 16?
302
What is -41501 (base 6) in base 4?
-1113031
Convert -13112 (base 4) to base 7.
-1241
2a40 (base 13) to base 14
2344
Convert -1310 (base 4) to base 12.
-98
29426 (base 12) to base 6
1122450
Convert 100c9 (base 13) to base 15.
87a1
6aa (base 13) to base 5
14104
Convert -14db7 (base 15) to base 10.
-67222
What is -1232 (base 8) in base 14?
-358
1212431 (base 5) to base 11
161a8
Convert 28267 (base 10) to base 3.
1102202221
105a (base 11) to base 3
1220201
-4 (base 11) to base 10
-4
What is d66b (base 16) in base 3?
2210022000
Conver